05)). Suppose r*j - j - 24 = 0. List the prime factors of q(j).
3, 5
Let v(h) = -3*h + 14. What are the prime factors of v(-10)?
2, 11
Let y(g) = 3*g**3 - 7*g**2 - g + 2. Let h(o) = 7*o**3 - 15*o**2 - 2*o + 4. Let v(k) = 2*h(k) - 5*y(k). Let a = 9 + -4. List the prime factors of v(a).
3
Let m(p) = p**3 - 10*p**2 + 2*p - 13. Suppose -2*f + 16 = -4. Let x be m(f). What are the prime factors of 8/28 + 47/x?
7
Let m(o) = -o**2 - 9*o + 6. List the prime factors of m(-5).
2, 13
Let p(o) = o**3 + 6*o**2 - 3*o - 2. What are the prime factors of p(-3)?
2, 17
Let n(v) be the first derivative of v**2/2 + 3. Let r be n(2). Suppose 0 = -4*i + r*i + 20. List the prime factors of i.
2, 5
Let l = -114 - -147. What are the prime factors of l?
3, 11
Suppose 2*j + 2*x = -4, -x - 8 = -j - 0*x. Suppose 0 = -b - 2*b. Suppose b*l + 33 = j*l. What are the prime factors of l?
11
Let v = 0 + -1. Let h(b) = 20*b**2. Let u be h(v). Let c = u + -8. List the prime factors of c.
2, 3
Let f(u) = 6*u + 12. List the prime factors of f(5).
2, 3, 7
Let r(g) be the third derivative of g**5/60 + g**4/12 - 4*g**3/3 + 2*g**2. What are the prime factors of r(-6)?
2
Let g(p) = -6*p - 9. Let b be g(-8). Let o = 69 - b. Suppose 3*h - o = -0*h. List the prime factors of h.
2, 5
Suppose -39 = -0*v - 3*v. List the prime factors of v.
13
Suppose 0 = -3*t + 203 - 38. Let p(j) = -j**3 - 6*j**2 + 5*j - 10. Let g be p(-7). Suppose -w + t = g*w. What are the prime factors of w?
11
Suppose 4*w = 3*w + 54. List the prime factors of w.
2, 3
List the prime factors of 207 + 0 - (0 - 3).
2, 3, 5, 7
Let y be 3/5 - 81/(-15). Suppose y*h = h + 75. What are the prime factors of h?
3, 5
Let b(t) = -t**3 - 5*t**2 - t - 2. Let s be b(-5). Suppose 1 = 3*i - i + s*d, 3*d + 1 = -i. Suppose 8 = 6*f - i*f. List the prime factors of f.
2
Let s = -50 - -41. Let p = -32 + 12. Let y = s - p. What are the prime factors of y?
11
Suppose -s + 24 = 3*s - 4*m, -4*m - 18 = -2*s. Let a = s - -4. List the prime factors of a.
7
Let q(u) = 10*u - 22. List the prime factors of q(11).
2, 11
Suppose 5*x = 3*r + 20, r + 3*r - 8 = -2*x. Suppose -4 = 3*b + 2, 5*g + 4*b - 97 = r. What are the prime factors of g?
3, 7
Suppose -5*o + 3 + 2 = 5*x, 0 = -3*x - 5*o + 5. Suppose -4*y = -x*y + 12, 2*y = -2*a + 12. What are the prime factors of a?
3
Let r(o) = -2*o + 22. List the prime factors of r(4).
2, 7
Let k(l) be the second derivative of l**5/20 - l**4/3 + l**3/2 + l**2/2 - 3*l. What are the prime factors of k(4)?
13
Let n be (2 + -2)/(0 - -2). What are the prime factors of (-13)/(-2)*(2 - n)?
13
Let i = 5 - 4. Let c be 0/(-2*i) + -10. What are the prime factors of -5 - c - 1/1?
2
Let i = -7 - -3. Let z be (-34)/(-8) - (-1)/i. Suppose z*u - 22 = 2*u. What are the prime factors of u?
11
Let w = -1 + 7. Let s = w - 2. What are the prime factors of s?
2
Let q(o) = o**2 - 3*o - 7. Let r be q(5). Let h(g) = 3*g - 2*g**r - g + 5*g**2 - 3 + 3*g**3. What are the prime factors of h(-3)?
3
Suppose -p = 4*j + p - 198, -3*j + 5*p = -155. List the prime factors of j.
2, 5
What are the prime factors of 24/(1/2 + 1)?
2
Let k = 175 + -86. What are the prime factors of k?
89
Let c(n) = -n**2 - n + 2. Let f be c(2). List the prime factors of -6*5/(10/f).
2, 3
Suppose -19 = -5*p + 2*i, p - 18 + 1 = -4*i. Suppose -p*t + 46 = 4*y, -64 - 12 = -5*y + 3*t. What are the prime factors of y?
2, 7
Let s = 19 - 14. Suppose -93 = -s*w + 67. List the prime factors of w.
2
Let l = 182 + -60. What are the prime factors of l?
2, 61
Let l = 29 - 24. Let q(t) = -5*t. Let i(j) = 1. Let d(p) = -6*i(p) - q(p). List the prime factors of d(l).
19
Let p(a) = -a**3 - 6*a**2 - 4*a + 5. Let i be -2 + 3/((-3)/4). List the prime factors of p(i).
29
Suppose -47 - 43 = -3*i. What are the prime factors of i?
2, 3, 5
Let a(t) = t**3 + 6*t**2 + t + 1. List the prime factors of a(-5).
3, 7
Suppose -2*n + 3*z = -18, 0 = 4*n - z - 31 - 25. Suppose -l = -3 - n. List the prime factors of l.
2, 3
Let v(r) = r**3 + 2*r**2 + 3*r + 3. Let n be v(-2). Let w = n + 6. List the prime factors of w.
3
List the prime factors of 0 + -3 + 34 + -8.
23
Suppose 3*y - 2*y - 20 = -3*i, -2*i - 32 = -2*y. List the prime factors of y.
17
Let t = 5 - 2. Let u(l) = -6 + 4 - 4*l + t*l. What are the prime factors of u(-5)?
3
Let d = 7 + -13. Let g(p) = -p - 3. Let q be g(d). Let l(m) = -m + 7. What are the prime factors of l(q)?
2
Let k be ((-18)/4)/(3/(-64)). List the prime factors of (6/8)/(2/k).
2, 3
What are the prime factors of ((-21)/(4 - 3))/((-1)/4)?
2, 3, 7
Let l be -57*((-28)/(-6) - 4). Let w be (-4)/(-14) - (-86)/(-7). What are the prime factors of 6/w + l/(-4)?
3
Suppose 4*v - 5*f = -892, 0*v - 5*v - 5*f - 1070 = 0. What are the prime factors of v/(-14) + (-21)/(-49)?
2
Let k(s) = -7*s - 24. List the prime factors of k(-6).
2, 3
Let t(r) = 2*r**3 - 3*r**2 + 3*r + 13. What are the prime factors of t(5)?
7, 29
Let i be -4 + 1 + (8 - 3). Suppose -m + 8 = f, 6*f - 3*f - 4*m = 3. Suppose -i*t - 3*d = t - 36, -25 = -f*t + 2*d. What are the prime factors of t?
7
Let i be ((-2)/1)/2*-1. Let g = i - -9. Suppose -u = 4*q - 47, -47 = -5*q - 3*u + g. What are the prime factors of q?
2, 3
Let i = 14 - -17. List the prime factors of i.
31
Let q(l) = 2*l - 8. Suppose -2*f + 8 + 14 = 0. Let c be q(f). Let m = 22 - c. What are the prime factors of m?
2
Let y = -53 - -72. List the prime factors of y.
19
Let d(w) = w**3 - 8*w**2 - 12*w + 17. List the prime factors of d(11).
2, 31
Let x(c) = -c**2 + 1. Let h be x(1). Suppose -g - 7 + 30 = h. What are the prime factors of g?
23
Let o = -87 - -53. Let f be 6/(-15) - o/10. Suppose -f*t + 7*t = 40. List the prime factors of t.
2, 5
Let z be (24 - -4)/((-1 + 3)/2). Suppose -q = -3 - 0. Suppose -q*b - z = -5*b. What are the prime factors of b?
2, 7
Let k(t) = -39*t + 8. What are the prime factors of k(-2)?
2, 43
Let k(q) = 2*q**2 - 10*q - 11. What are the prime factors of k(-6)?
11
Let d(c) = 2*c**2 + 13*c - 1. List the prime factors of d(-9).
2, 11
Let q be 2/(2 + 8/(-3)). Let m = 5 - q. Suppose -2*h - 28 = -2*l, -4*l + 57 = 3*h - m*h. What are the prime factors of l?
13
Let v(b) = -b - 6. Let w(m) = 2*m + 5. Let s(k) = 4*v(k) + 3*w(k). Let h be s(6). What are the prime factors of 1/(h/6) - -2?
2
Let j(z) be the second derivative of z**3/3 + z**2 - 3*z. Suppose -3 = 3*t - 12. List the prime factors of j(t).
2
Let d(g) = 2*g**2 - 1. List the prime factors of d(-3).
17
Let p(g) = g**3 + 17*g**2 - 6*g - 17. What are the prime factors of p(-17)?
5, 17
What are the prime factors of 1/(-1) - (-281 - -7)?
3, 7, 13
Let i = -6 - -10. Let c = i + 6. List the prime factors of (c*1/(-1))/(-2).
5
Let a = 31 + -10. What are the prime factors of a?
3, 7
Let v = -93 - -144. What are the prime factors of v?
3, 17
Let m(x) = -x**2 + x - 1. Let v(i) = 4*i**2 + 2*i + 5. Let f(j) = 5*m(j) + v(j). Let z be f(6). Suppose z = -2*w + 14. List the prime factors of w.
2
Let b = -165 + 352. What are the prime factors of b?
11, 17
Let k = 66 - 44. Suppose -3*j = -k - 8. List the prime factors of j.
2, 5
Suppose 6*q = 11 + 19. Suppose -3*f + 23 = q. What are the prime factors of f?
2, 3
Let n = 20 + -15. List the prime factors of n.
5
Let o = 7 + 27. What are the prime factors of o?
2, 17
Let t(m) = -5*m**3 + 3*m**2 + 3*m + 11. Let l(y) = -y**3 + y**2 + y + 1. Let b(f) = -4*l(f) + t(f). Suppose 0 = n - 2*n. List the prime factors of b(n).
7
Let x = 13 + -13. Suppose x = -3*q + 2*q - 2*o + 25, 0 = -3*o + 15. What are the prime factors of q?
3, 5
Suppose 0 = 2*p - 7 - 1. What are the prime factors of (1 - p) + 0 + 14?
11
Suppose -5*d = 3*r - r - 191, r = 2*d - 80. List the prime factors of d.
3, 13
Let l be (-1)/(2/(-8)*2). Suppose -2*d + d = l*n - 1, -21 = -3*d + 3*n. List the prime factors of d.
5
Let w(m) = m**2 + m - 4. Let k be w(3). Suppose -o + 1 = 3*v + 3, k = o + v. What are the prime factors of o?
13
Suppose 14 = 4*w + 6. List the prime factors of (w - 78/9)*-3.
2, 5
Let a(l) = l**3 - 2*l**2 + 3*l + 3. Let d be a(3). Suppose -4 = 4*u - 20. What are the prime factors of 308/d - u/6?
2, 7
Let a be 38 - ((-18)/(-2))/(-3). Let k = -22 + a. List the prime factors of k.
19
Let y = 0 - -3. Suppose y*i = 7*i - 80. List the prime factors of i.
2, 5
Let w = 4 + -2. Suppose -w*k + 1 = 5. Let a(r) = 3*r**2 +